{"id":41,"date":"2021-08-03T14:03:57","date_gmt":"2021-08-03T12:03:57","guid":{"rendered":"https:\/\/gabendo.com\/form\/?page_id=41"},"modified":"2022-10-11T09:13:01","modified_gmt":"2022-10-11T07:13:01","slug":"inscription-journee-cso-2021","status":"publish","type":"page","link":"https:\/\/gabendo.com\/form\/","title":{"rendered":"Inscription journ\u00e9e CSO 2022"},"content":{"rendered":"\n<p>La journ\u00e9e r\u00e9gionale CSO PACA aura lieu le <strong>9 D\u00e9cembre 2022<\/strong> (inscription obligatoire)<\/p>\n\n\n\n<p>Le programme est disponible <a href=\"https:\/\/gabendo.com\/form\/wp-content\/uploads\/2022\/10\/Programme-journee-CSO_CERON_09_12_2022.pdf\" target=\"_blank\" rel=\"noreferrer noopener\">ici<\/a><\/p>\n\n\n<div class=\"caldera-grid\" id=\"caldera_form_1\" data-cf-ver=\"1.9.4\" data-cf-form-id=\"CF62e8cd7a6d310\"><div id=\"caldera_notices_1\" data-spinner=\"https:\/\/gabendo.com\/form\/wp-admin\/images\/spinner.gif\"><\/div><form data-instance=\"1\" class=\"CF62e8cd7a6d310 caldera_forms_form cfajax-trigger\" method=\"POST\" enctype=\"multipart\/form-data\" id=\"CF62e8cd7a6d310_1\" data-form-id=\"CF62e8cd7a6d310\" aria-label=\"Journ&eacute;e CSO 2022\" data-target=\"#caldera_notices_1\" data-template=\"#cfajax_CF62e8cd7a6d310-tmpl\" data-cfajax=\"CF62e8cd7a6d310\" data-load-element=\"_parent\" data-load-class=\"cf_processing\" data-post-disable=\"0\" data-action=\"cf_process_ajax_submit\" data-request=\"https:\/\/gabendo.com\/form\/cf-api\/CF62e8cd7a6d310\" data-hiderows=\"true\">\r\n<input type=\"hidden\" id=\"_cf_verify_CF62e8cd7a6d310\" name=\"_cf_verify\" value=\"e55d3ceb98\"  data-nonce-time=\"1778839451\" \/><input type=\"hidden\" name=\"_wp_http_referer\" value=\"\/form\/wp-json\/wp\/v2\/pages\/41\" \/><div id=\"cf2-CF62e8cd7a6d310_1\"><\/div><input type=\"hidden\" name=\"_cf_frm_id\" value=\"CF62e8cd7a6d310\">\r\n<input type=\"hidden\" name=\"_cf_frm_ct\" value=\"1\">\r\n<input type=\"hidden\" name=\"cfajax\" value=\"CF62e8cd7a6d310\">\r\n<input type=\"hidden\" name=\"_cf_cr_pst\" value=\"41\">\r\n<div class=\"hide\" style=\"display:none; overflow:hidden;height:0;width:0;\">\r\n<label>Web Site<\/label><input type=\"text\" name=\"web_site\" value=\"\" autocomplete=\"off\">\r\n<\/div><div id=\"CF62e8cd7a6d310_1-row-1\"  class=\"row  first_row\"><div  class=\"col-sm-6  first_col\"><div data-field-wrapper=\"fld_185917\" class=\"form-group\" id=\"fld_185917_1-wrap\">\r\n\t<label id=\"fld_185917Label\" for=\"fld_185917_1\" class=\"control-label\">Pr\u00e9nom <span aria-hidden=\"true\" role=\"presentation\" class=\"field_required\" style=\"color:#ee0000;\">*<\/span><\/label>\r\n\t<div class=\"\">\r\n\t\t<input   required type=\"text\" data-field=\"fld_185917\" class=\" form-control\" id=\"fld_185917_1\" name=\"fld_185917\" value=\"\" data-type=\"text\" aria-required=\"true\"   aria-labelledby=\"fld_185917Label\" >\t\t\t<\/div>\r\n<\/div>\r\n<\/div><div  class=\"col-sm-6  last_col\"><div data-field-wrapper=\"fld_6892512\" class=\"form-group\" id=\"fld_6892512_1-wrap\">\r\n\t<label id=\"fld_6892512Label\" for=\"fld_6892512_1\" class=\"control-label\">Nom <span aria-hidden=\"true\" role=\"presentation\" class=\"field_required\" style=\"color:#ee0000;\">*<\/span><\/label>\r\n\t<div class=\"\">\r\n\t\t<input   required type=\"text\" data-field=\"fld_6892512\" class=\" form-control\" id=\"fld_6892512_1\" name=\"fld_6892512\" value=\"\" data-type=\"text\" aria-required=\"true\"   aria-labelledby=\"fld_6892512Label\" >\t\t\t<\/div>\r\n<\/div>\r\n<\/div><\/div><div id=\"CF62e8cd7a6d310_1-row-2\"  class=\"row \"><div  class=\"col-sm-12  single\"><div data-field-wrapper=\"fld_7900587\" class=\"form-group\" id=\"fld_7900587_1-wrap\">\r\n\t<label id=\"fld_7900587Label\" for=\"fld_7900587_1\" class=\"control-label\">e-mail <span aria-hidden=\"true\" role=\"presentation\" class=\"field_required\" style=\"color:#ee0000;\">*<\/span><\/label>\r\n\t<div class=\"\">\r\n\t\t<input   required type=\"email\" data-field=\"fld_7900587\" class=\" form-control\" id=\"fld_7900587_1\" name=\"fld_7900587\" value=\"\" data-type=\"email\" aria-required=\"true\"   aria-labelledby=\"fld_7900587Label\" >\t\t\t<\/div>\r\n<\/div>\r\n<\/div><\/div><div id=\"CF62e8cd7a6d310_1-row-3\"  class=\"row  last_row\"><div  class=\"col-sm-6  first_col\"><div data-field-wrapper=\"fld_3950474\" class=\"form-group\" id=\"fld_3950474_1-wrap\">\r\n\t<label id=\"fld_3950474Label\" for=\"fld_3950474_1\" class=\"control-label\">Profession<\/label>\r\n\t<div class=\"\">\r\n\t\t<input    type=\"text\" data-field=\"fld_3950474\" class=\" form-control\" id=\"fld_3950474_1\" name=\"fld_3950474\" value=\"\" data-type=\"text\"   aria-labelledby=\"fld_3950474Label\" >\t\t\t<\/div>\r\n<\/div>\r\n<\/div><div  class=\"col-sm-6  last_col\"><div data-field-wrapper=\"fld_144637\" class=\"form-group\" id=\"fld_144637_1-wrap\">\r\n\t<label id=\"fld_144637Label\" for=\"fld_144637_1\" class=\"control-label\">Ville<\/label>\r\n\t<div class=\"\">\r\n\t\t<input    type=\"text\" data-field=\"fld_144637\" class=\" form-control\" id=\"fld_144637_1\" name=\"fld_144637\" value=\"\" data-type=\"text\"   aria-labelledby=\"fld_144637Label\" >\t\t\t<\/div>\r\n<\/div>\r\n<div data-field-wrapper=\"fld_2587456\" class=\"form-group\" id=\"fld_2587456_1-wrap\">\r\n<div class=\"\">\r\n\t<input  class=\"btn btn-default\" type=\"submit\" name=\"fld_2587456\" id=\"fld_2587456_1\" value=\"Enregistrer\" data-field=\"fld_2587456\"  >\n<\/div>\r\n<\/div>\r\n\t<input class=\"button_trigger_1\" type=\"hidden\" name=\"fld_2587456\" id=\"fld_2587456_1_btn\" value=\"\" data-field=\"fld_2587456\"  \/>\n<\/div><\/div><\/form>\r\n<\/div>\r\n\n","protected":false},"excerpt":{"rendered":"<p>La journ\u00e9e r\u00e9gionale CSO PACA aura lieu le 9 D\u00e9cembre 2022 (inscription obligatoire) Le programme est disponible ici<\/p>\n","protected":false},"author":1,"featured_media":0,"parent":0,"menu_order":0,"comment_status":"closed","ping_status":"closed","template":"","meta":{"footnotes":""},"class_list":["post-41","page","type-page","status-publish","hentry","entry"],"_links":{"self":[{"href":"https:\/\/gabendo.com\/form\/wp-json\/wp\/v2\/pages\/41","targetHints":{"allow":["GET"]}}],"collection":[{"href":"https:\/\/gabendo.com\/form\/wp-json\/wp\/v2\/pages"}],"about":[{"href":"https:\/\/gabendo.com\/form\/wp-json\/wp\/v2\/types\/page"}],"author":[{"embeddable":true,"href":"https:\/\/gabendo.com\/form\/wp-json\/wp\/v2\/users\/1"}],"replies":[{"embeddable":true,"href":"https:\/\/gabendo.com\/form\/wp-json\/wp\/v2\/comments?post=41"}],"version-history":[{"count":16,"href":"https:\/\/gabendo.com\/form\/wp-json\/wp\/v2\/pages\/41\/revisions"}],"predecessor-version":[{"id":104,"href":"https:\/\/gabendo.com\/form\/wp-json\/wp\/v2\/pages\/41\/revisions\/104"}],"wp:attachment":[{"href":"https:\/\/gabendo.com\/form\/wp-json\/wp\/v2\/media?parent=41"}],"curies":[{"name":"wp","href":"https:\/\/api.w.org\/{rel}","templated":true}]}}